et f(z) = -6*z**3 - z**2 - 108. Let h(v) = 4*f(v) + 5*j(v). Is h(0) prime?
True
Let j(z) = z**3 + 9*z**2 - z - 10. Let r be j(-9). Let k be (0/(3 + r))/1. Suppose k = 5*c - 108 - 487. Is c prime?
False
Let g(i) = i**2 - 15*i - 9. Let f be g(12). Let z = f + 80. Is z composite?
True
Let h be 38/(-10) + 8/(-40). Is 1/(h/(-718))*2 a prime number?
True
Let x be (-8)/(-28) + (-246)/(-21). Is (116/x)/(3/27) a composite number?
True
Let s be 27/(-9) - (-1 - 5). Suppose -3*o + 4*x = 37, x = -o - s*x - 7. Let d = 132 + o. Is d prime?
False
Suppose 2*d - 6 = -0. Let l = 3 + d. Suppose -5*g + 259 + l = 0. Is g a composite number?
False
Let o be 4/3*(-12)/(-8). Suppose p - 38 = -d, o*d + 2*d + 33 = p. Is p prime?
True
Is (2 + 1 - 3) + 265 a composite number?
True
Let i = 48 - 1. Is i prime?
True
Suppose -5*t + 14 - 1 = -4*n, 0 = t + 3*n - 14. Suppose -q = -0*h + t*h - 12, -4*q = 4*h. Suppose 3 = 3*c, 5*d - 2*c = h*c + 100. Is d a prime number?
False
Let z = 1835 + 6536. Is z a prime number?
False
Is 3/(36/(-28))*-87 a prime number?
False
Let z = -105 + 316. Is z composite?
False
Let p(j) = -j + 5. Let w be p(0). Suppose -389 = -w*l - 34. Let r = l + -40. Is r prime?
True
Suppose 3*x - 2 = -5*h - 5, -2*x = h - 5. Suppose -15 = -7*p + x*p. Let k(f) = f**3 - 3*f**2 + 2*f - 5. Is k(p) a prime number?
False
Suppose v = -828 + 2267. Is v prime?
True
Let g(j) = -5*j**2 - 55 + 5*j + 3*j**3 - j**2 + 52. Is g(4) a composite number?
False
Suppose -2*v - 61 - 160 = -j, -j = 5*v + 549. Let f = v - -25. Is (28/35)/((-2)/f) composite?
True
Let r = -17 - -166. Is r a prime number?
True
Is -42 + 38 - (-1366 - -1 - 0) a composite number?
False
Let d = -4 + 8. Suppose d*j - 147 = j. Is j composite?
True
Let j(z) = z**3 + 7*z**2 - 12*z - 9. Let w(g) = g**3 - 9*g**2 - 8. Let p = -5 - -14. Let x be w(p). Is j(x) composite?
False
Suppose -8 + 3 = 5*y. Let v be 3*(2 - y/(-1)). Suppose v*d - 51 = -b, 6*b - 291 = b + 3*d. Is b prime?
False
Suppose n - 250 = -4*n. Suppose -61 = -3*k + n. Is k a prime number?
True
Let y(n) = 2*n**2 - 5*n + 3. Is y(8) a prime number?
False
Let g be (-11)/(-5) - 3/15. Let k(s) = g + 1 + 4*s**2 - 5*s - 1. Is k(3) prime?
True
Let n = -819 - -1714. Is n prime?
False
Let t = 64 + -42. Is -1 + t + -1 - -1 composite?
True
Suppose -5*j - 8 = -23. Suppose -s + 2*a - 12 = -3*a, -a = -2*s + 3. Suppose j*m - 85 = -5*p, -2*p - m + 48 = s*m. Is p prime?
False
Suppose -w - l + 125 = 0, -2*w = -w + 4*l - 119. Is w a prime number?
True
Let m(i) be the second derivative of 0 - 1/12*i**4 - 5/2*i**3 - 3/2*i**2 + i. Is m(-7) prime?
True
Let i = 0 - -79. Is i a prime number?
True
Suppose -4*b + 106 = -3*b. Is b a composite number?
True
Suppose -3*q = -9, 3*x + 5*q + 2410 = -2549. Let i = -1159 - x. Is i a composite number?
False
Let c = -93 - -134. Let x = -20 + c. Let u = x + -2. Is u a prime number?
True
Let x(k) = -2 + 5 + 0 + 8*k + 44*k. Is x(3) prime?
False
Let s(v) = -v**2 + 17*v - 15. Suppose 4*b + 5*p - 5 = 0, -b + 14 = -0*b - 3*p. Suppose 1 = f + b*u, 3*f - 3*u + 5*u - 29 = 0. Is s(f) a composite number?
True
Suppose 5*a - 1775 = -4*z, -2*a + 2*z + 710 = -3*z. Is a a prime number?
False
Let d(a) = -a**3 + 29*a**2 - 2*a - 19. Is d(9) composite?
False
Let t be 8/(-10)*(-405)/6. Let m = 10 + -42. Let l = t + m. Is l a prime number?
False
Let q(g) = 145*g**2 - 10*g - 7. Let c(f) = -97*f**2 + 7*f + 5. Let j(p) = 7*c(p) + 5*q(p). Is j(-1) prime?
True
Let z = -3 - -4. Let v be z/(2 - (-537)/(-270)). Let g = 127 - v. Is g prime?
True
Suppose 5*x = 3*b + 500, -5*x + 380 = 2*b - 95. Is x a composite number?
False
Suppose -j + 535 = 2*z, 3*j - 432 = 5*z + 1184. Is j a composite number?
True
Let g be 2 + -5 + -1 + 6. Suppose 5*b = g*b + 237. Is b a composite number?
False
Let r(q) = q + 1. Let j be r(0). Let m be ((-1)/(-2))/(j/104). Is (m/5)/((-8)/(-20)) a composite number?
True
Let j = 31 + -10. Is j a prime number?
False
Let f = 2 + 2. Suppose 2*v + 190 = 2*k, -k + f*v + v = -79. Let j = 145 - k. Is j a prime number?
False
Let q be (17/3)/((-2)/6). Is (q/2)/(5/(-50)) a composite number?
True
Let b(k) = k**2 + 7*k - 4. Let r be b(-6). Let i be (-5)/r*(11 - 1). Suppose i*x - 2*d - 67 = 0, 3*x - 6*x + 36 = 3*d. Is x composite?
False
Suppose -9 = -3*w - 0*w. Suppose 0 = w*m + 8 + 34. Is 0/(-2) - (m + -1) prime?
False
Suppose q = 36 + 48. Suppose q - 14 = 5*c. Is c a composite number?
True
Suppose 2*r - 441 = -p, 3*p - 4*r - 1752 = -p. Is p composite?
False
Let b(g) = g**2 + 7. Let t be b(-6). Let d = 19 + t. Is d a composite number?
True
Is 10070/8 - 8/(-32) a prime number?
True
Let l be 0/((4 - 8) + 6). Suppose l = -5*n - 33 + 203. Is n a composite number?
True
Suppose q = 2*q - 1141. Is q prime?
False
Suppose -5*s + 0*s = 0. Let z be (-3)/9*(s - 21). Let y = z + -1. Is y prime?
False
Suppose 0 = -5*q + 4*c + 151, 0*q + 4*c - 128 = -4*q. Suppose -d - q = -2*d. Suppose -2*g + d = -5*a, -3*g - 3*a = -13 - 65. Is g a composite number?
False
Let r(t) = 20*t. Let q be r(-1). Let s be (-2)/(-3) - q/6. Suppose -4*f + 90 = 3*x, s*f - 1 = x + 81. Is f prime?
False
Let w = 31 + 38. Is w a composite number?
True
Suppose -4*h + h = 2*u - 1010, -994 = -2*u + h. Let x = u - 285. Is x a composite number?
True
Suppose 4*j + 1 - 13 = 0. Let p(k) = -j + 6*k**2 - 3*k**2 - 4*k + 1. Is p(5) a prime number?
True
Is -3*(-4)/8*22 prime?
False
Suppose -p = -4*a - 111, -2*p - 2*a + 47 = -205. Is p a composite number?
True
Suppose 446 = 3*u - 292. Let a = u - 119. Is a composite?
False
Suppose -4*a - s = a + 4939, -2*a + s - 1970 = 0. Let u be 8/(-2)*a/14. Is (-4)/16 + u/8 a prime number?
False
Is 3/(-4) - 8729/(-28) composite?
False
Let g(t) = t - 8. Let n be g(9). Is -2*n/2 - -86 a composite number?
True
Suppose 17*b = -4965 + 37316. Is b composite?
True
Let t(j) = 2*j**2 + j + 4. Let w be t(-4). Suppose -4*b + 4 = -w. Suppose g - 16 = -3*k, 2*g - 28 = -k + b. Is g a prime number?
True
Let q(o) = -o**3 - 8*o**2 - 9*o + 2. Let g = -3 + -4. Let a be q(g). Is (-74)/a*2*-4 a composite number?
False
Suppose 2*s + 132 - 6 = -2*u, u = -2*s - 65. Suppose -224 = 5*w - 3*w. Let v = u - w. Is v composite?
True
Suppose 18 = 5*s - 0*n - 2*n, 16 = -4*n. Is -2 + (s - -2) - -35 prime?
True
Let i(b) = b**3 - 2*b + 1055. Is i(0) a prime number?
False
Let l(c) = -c**2 - 10*c - 7. Let g be l(-9). Suppose 3*n + g*u - 248 = n, n = -2*u + 127. Is n prime?
False
Suppose -3277 = -c + 132. Is c a composite number?
True
Suppose -2303 = -4*r + 3045. Is r a prime number?
False
Let f(b) = -47*b + 2. Is f(-3) a prime number?
False
Let d(f) = -f + 4. Let u be d(4). Suppose -3*h = 3*m + 171, 0 = 4*m - u - 4. Let s = 1 - h. Is s a composite number?
False
Let r(m) = 2*m**3 - 2*m**2 - 2*m + 1. Let c be r(2). Let q = -3 - -6. Suppose 4*x - 200 = q*o, x - c - 68 = -5*o. Is x composite?
False
Let d be ((-48)/(-60))/((-2)/(-5)). Is d - 1/(-2)*214 prime?
True
Let v(f) be the first derivative of -3*f**2/2 + 4*f + 1. Let m be v(6). Let x = 8 - m. Is x prime?
False
Let y = 362 - 157. Is y a composite number?
True
Let t(p) = 75*p**2 - 6*p + 3. Is t(2) a composite number?
True
Let m = -3 + 7. Suppose 12 = m*t, -z = 5*t - 132 - 30. Suppose h - 5*h + r + z = 0, -4*h + 4*r + 144 = 0. Is h prime?
True
Suppose -4*s + 7*s = 699. Is s composite?
False
Let i = 7555 + -4946. Is i prime?
True
Let g(b) be the first derivative of 18*b**2 - b - 1. Is g(1) composite?
True
Suppose -4*k - 3 = -h - 2*k, 0 = h + k + 6. Is -1*(h - -4) - -66 composite?
True
Suppose 0*a + 3*a = 195. Is a a prime number?
False
Let a = -1094 - -3043. Is a a composite number?
False
Let d(u) = u - 14. Let f be d(16). Suppose -473 = -f*b + 141. Is b composite?
False
Let a = 1276 - 854. Is a prime?
False
Let w(k) = -128*k + 9. Is w(-4) prime?
True
Let i(y) = -117*y + 1. Is i(-4) prime?
False
Suppose 129 = n + 32. Is n a prime number?
True
Suppose m - 42 = -2*m. Let d be (m/(-5))/(4/(-20)). Suppose 0 - d = -k. Is k a prime number?
False
Suppose 0*z + 5*z = -y + 57, -z + 266 = 4*y. Suppose j - y = -3*t, 8*j - 4*t - 411 = 3*j. Is j prime?
True
Suppose 0 = 27*w - 23*w - 13476. Is w a composite number?
True
Suppose 0 = -2*h + 3*x + 413, -2*h + 3*h - 4*x - 199 = 0. Is h composite?
False
Suppose 0 = 3*u - 4*t - 10, 2*u - 4*u + 2 = -5*t. Let f(m) = 2*m + 10 - u*m + m**3 + 5*m**2 - 17. Is f(